se 26 - 41 = -5*b. Suppose 2*l - b*x - 37 = 63, 3*x = -2*l + 100. Calculate the remainder when l is divided by 17.
16
Let z be 64/3 + 16/24. Calculate the remainder when 37 is divided by 627/z*(-4)/(-6).
18
Calculate the remainder when (272/24 + -12)/(4/(-2382)) is divided by 16.
13
Let a(f) = f**3 + 7*f**2 - 14*f - 9. What is the remainder when a(-6) is divided by 40?
31
Suppose -3*c - 10*c = -377. Suppose c*t - 34*t = -225. What is the remainder when t is divided by 12?
9
Let f = -2199 - -3093. What is the remainder when f is divided by 13?
10
Let c(z) = -28*z + 16. Suppose 0 = 40*v - 39*v + 3. Calculate the remainder when c(v) is divided by 0/(-2) - 17*-1.
15
Suppose 0 = -4*y + 62 + 70. What is the remainder when 261 is divided by y?
30
Suppose -b - 85 = -6*b. Let v(l) = 3*l + 24 - 2*l - 3*l + 3*l. What is the remainder when b is divided by v(-15)?
8
Let c = -10 + 12. Suppose -c*i + 10 = -2*s, 0*i - i - 1 = -3*s. Suppose i*d = 4*d + 92. Calculate the remainder when 67 is divided by d.
21
Suppose -2*w - 3*j + 235 = 0, 2*w - 2*j - 385 = -w. What is the remainder when 621 is divided by w?
121
Suppose -5*z + 192 = b + 21, b = z + 177. Suppose 3*v = -3, 2*l - 36 = 5*v + 27. Suppose s + l = b. Calculate the remainder when s is divided by 37.
36
Let s = 177 - 167. Calculate the remainder when 14 is divided by s.
4
Suppose 4*f + 67 + 22 = q, 2*q = 4*f + 166. Suppose -q = -4*i - 9. Calculate the remainder when 50 is divided by i.
16
What is the remainder when 42 is divided by (-3 - -4) + -33 + 43?
9
Suppose 63*c = 6338 + 9916. Calculate the remainder when c is divided by 83.
9
Let n = 21 + -35. Let h be ((-180)/n)/((-12)/(-112)). Suppose -3*c = -5*x + 77, -4*c - 36 = 5*x - h. What is the remainder when 31 is divided by x?
15
Suppose 3*o = -2*h + 15, -h = o + 3 - 13. What is the remainder when 41 is divided by h?
11
Suppose z = 2*j - z - 124, -2*z = j - 59. Let x(l) = -l**2 + 11*l - 3. Suppose 2*v - 32 = -2*v. What is the remainder when j is divided by x(v)?
19
Let c = -11 - -16. Let i = -5 + c. Let b = 67 + i. Calculate the remainder when b is divided by 14.
11
Let c(u) be the second derivative of 0 + 17/6*u**3 - 4*u - 1/12*u**4 + 0*u**2. Calculate the remainder when c(11) is divided by 17.
15
Let o = 1597 + -1475. What is the remainder when 400 is divided by o?
34
Suppose 7*a - 2*h + 62 = 11*a, 0 = -4*a - 5*h + 65. Calculate the remainder when 86 is divided by a.
11
Let k = 1 + 10. Let c = -11 + k. Suppose -40 = -c*t - 5*t. What is the remainder when 20 is divided by t?
4
Let x = -10 - -28. Let n = x + -79. Let i = -18 - n. Calculate the remainder when i is divided by 23.
20
Let d(t) = -12*t + 4. Let r(x) = 6*x**2 - 290*x - 1215. What is the remainder when d(-6) is divided by r(-4)?
35
Suppose 4*t = -5 + 13. Suppose 3*x = 15, 2*x = 3*l - t - 0. Suppose 5*f - 2*q = q + 329, l*q + 327 = 5*f. Calculate the remainder when f is divided by 23.
21
Suppose 3*c - 1 = k, -3*c + 0 = -3. Suppose 0 = 2*t + 3*b - 18, b = 4*t - k*t - 18. Calculate the remainder when 1/(50/(-17) - -3) is divided by t.
8
What is the remainder when 3/(-2) - (-29420)/(-120)*-3 is divided by 35?
34
Suppose 0 = -10*c + 6*c + 224. Let a be (144/c)/(2/(-14)). Let t = a + 27. What is the remainder when 33 is divided by t?
6
Calculate the remainder when 27 is divided by (-1)/(-5) - (-5550)/375.
12
Let x(k) = k**3 + 10*k**2 - 19*k - 66. What is the remainder when 351 is divided by x(-11)?
21
Let k(v) = -10*v - 203. Let w = 33 - 8. What is the remainder when k(-30) is divided by w?
22
Suppose 368 = 44*a - 28*a. Calculate the remainder when 100 is divided by a.
8
Let x(y) be the first derivative of -y**3/3 - 9*y**2/2 + 13*y - 1. What is the remainder when x(-9) is divided by (-92)/(-12) - 2/(-6)?
5
Let k = -42 + 46. Suppose 3*n = -k*t + 99, 3*t - 5*n - 59 = -t. Calculate the remainder when 79 is divided by t.
16
Let y(p) = 11*p**2 - p + 12. Let h be y(-4). Suppose 5*c - h = -47. What is the remainder when c is divided by 5?
4
Let t(s) = -5*s - 11. Let l be t(-7). Suppose l*z - 28*z = 0. Suppose -4*g = u - 51, 167 = 3*u + 5*g - z*g. Calculate the remainder when u is divided by 20.
19
Let i = 902 + -696. What is the remainder when i is divided by 107?
99
Suppose -3*q - 7*a + 5*a = -370, -368 = -3*q - a. What is the remainder when q is divided by (1 - 2) + (-32)/(-1)?
29
Let v(w) = 4*w**3 + w**2 - w. Let y be v(1). Suppose -2*z - y*p + 73 = -z, 4*z = 4*p + 292. Calculate the remainder when z is divided by 20.
13
Calculate the remainder when (-1)/(-3) - (9 - 238/6) is divided by 16.
15
Let c = -15 + 19. Suppose 0 = -2*m + 4*r + 78, 125 = -2*m + 5*m + 2*r. Let l = 63 - m. Calculate the remainder when l is divided by c.
2
Suppose 2*j + 96 = -4*j. Let t = -3 + 6. Calculate the remainder when (-38)/(-6) - j/24 is divided by t.
1
Suppose -4*j - 236 + 896 = 4*q, -310 = -2*q + 3*j. What is the remainder when q is divided by 88?
73
Suppose 3*k = 3*f - 156, -5*f - 3*k + 260 = 2*k. Calculate the remainder when 207 is divided by f.
51
Suppose 3*i = 49 - 16. Calculate the remainder when -3*(-24)/90 - 1688/(-40) is divided by i.
10
Let p be (0*(-6)/(-24))/(-4 + 1). Suppose p = 8*x + 157 - 437. Calculate the remainder when x is divided by 18.
17
Suppose -10*b - 18 = -8*b. Let y(g) = -g - 4. Calculate the remainder when 17 is divided by y(b).
2
Suppose 23*r - 413 - 392 = 0. What is the remainder when 450 is divided by r?
30
Let h = 127 + -116. Calculate the remainder when h is divided by 11.
0
What is the remainder when 28 is divided by -2 + 0 + 2 - (1 + -5)?
0
Let y(h) = h**3 + 3*h**2 - 2*h + 25. What is the remainder when y(-4) is divided by 13?
4
Let l = -181 + 167. Let c = 11 + 16. Let z = c + l. What is the remainder when z is divided by 7?
6
Let c(m) = -4*m + 2. Let n be c(-7). Let w = n + 11. Calculate the remainder when 78 is divided by w.
37
Let t = -56 + 30. Let g = t + 33. What is the remainder when 13 is divided by g?
6
Suppose -4*w = -0*w - 20. Suppose w*z + z - 12 = 0. Let o(y) = -y**3 + 13*y**2 - 15*y + 38. What is the remainder when o(12) is divided by z?
0
Calculate the remainder when 78 is divided by (3 + 44)/(1 + 0) + -5.
36
Let q(o) = -30*o + 3*o - 1 + 5. Suppose 14 = -3*z - 2*z - 4*n, 0 = 2*n + 2. Calculate the remainder when q(z) is divided by 15.
13
Let l = 578 + -350. Calculate the remainder when l is divided by 58.
54
Let l = 928 - 702. Calculate the remainder when l is divided by 23.
19
Let f = 1352 + -1348. Calculate the remainder when 149 is divided by f.
1
Let t(a) = 13*a - 49. Calculate the remainder when t(10) is divided by 33.
15
Let x be (6 + -1)*10/(-25). Calculate the remainder when ((2 - x) + -3)*11 is divided by 3.
2
Calculate the remainder when 15/9*(-17)/((-85)/1185) is divided by 12.
11
Let a(j) = -17*j - 1 + 33*j + 17*j. Calculate the remainder when a(2) is divided by 18.
11
Let a(k) = 13*k + 4. Let f be a(1). Suppose -2*p = -f - 277. Calculate the remainder when p is divided by 38.
33
Suppose 3*a = w - 21, -4*w - 5*a = -6*a - 62. What is the remainder when 387 is divided by w?
12
Suppose -6*g = -t - 3*g + 17, 4*t + 2*g - 96 = 0. Calculate the remainder when 275 is divided by t.
22
Suppose 2709*r = 2705*r + 672. What is the remainder when r is divided by 30?
18
What is the remainder when 40 is divided by (252/(-16))/3*(-88)/33?
12
Let v(n) = n**2 + 3*n + 2. Let u be v(-2). Suppose -3*h + 2 + 61 = u. Let b(z) = 12*z**2 + 4*z - 1. Calculate the remainder when b(-2) is divided by h.
18
Let s(j) = j**2 + 16*j - 6. Calculate the remainder when 35 is divided by s(-17).
2
Let m(c) = c**2 - 8*c - 8. Let p be m(8). Suppose -4*a = -u + 4*u - 8, 0 = -2*a - 2. Calculate the remainder when 9/(-12) + (-46)/p is divided by u.
1
Suppose 156 = -0*s + 3*s. Calculate the remainder when s is divided by (-7 + 9)/((-4)/(-22)).
8
What is the remainder when (2/(-8))/((-6)/(-24)) + 918 is divided by 18?
17
Let c(x) = 8*x - 25. Suppose 4*t + 12*t - 80 = 0. What is the remainder when c(t) is divided by 12?
3
Suppose -16*r + 1045 = -5*r. Calculate the remainder when r is divided by 20.
15
Suppose -38*q + 1022 = -1448. Calculate the remainder when q is divided by ((-4)/(-1))/((-2)/(-11)).
21
Let o(x) = x**3 + 21*x**2 + 10*x + 43. Calculate the remainder when o(-20) is divided by 25.
18
Let k(n)